(3/(-12)). Let h be (-15)/40 + (-19)/(-8). Suppose 0 = h*s - 10 - 42. Calculate the greatest common divisor of x and s.
13
Let v be -1 - (4/(-6))/((-36)/(-270)). Suppose 0 = v*x - 4*d - 257 - 75, -5*d - 71 = -x. Calculate the highest common factor of x and 2.
2
Let t be (-80)/(-50)*12*5*(-11)/(-4). Let o = 206 - 140. Calculate the highest common factor of t and o.
66
Suppose 9*u = 13*u - 1404 - 1016. What is the greatest common factor of u and 1?
1
Let p be (((-192)/28)/1)/((-98)/7889). What is the highest common factor of 28888 and p?
184
Suppose -96 - 156 + 1484 = o. Calculate the greatest common divisor of 352 and o.
176
Let v(x) = -3*x - 65 - 10*x + 17*x. Let p be v(21). What is the highest common factor of p and 475?
19
Suppose 10*p - 159680 = -5*p - p. Calculate the highest common divisor of 20 and p.
20
Let q be -1 - -354 - (-50 + 63). Calculate the greatest common divisor of 136 and q.
68
Let a = 55 - 81. Let u be (-4)/a - (-5978)/182. Suppose 0*h + h = 3. What is the highest common factor of h and u?
3
Let a = 213 + -208. Suppose a*z - 194 = 81. Let k = 0 - -5. Calculate the highest common factor of z and k.
5
Let g(q) = 23*q - 8*q + 10*q + 40. Let b be g(8). Calculate the greatest common divisor of b and 30.
30
Let y = -25397 + 40782. Calculate the highest common divisor of 17 and y.
17
Let o(x) be the third derivative of x**5/20 + x**4/24 - 2*x**3/3 - 21*x**2. Let b be o(-13). Let z = b + -280. What is the greatest common divisor of z and 21?
21
Let t = 600 - 1127. Let w = t - -833. Calculate the highest common factor of 36 and w.
18
Suppose 0 = -4*w - 18*s + 20*s + 1266, -3*s = 4*w - 1251. What is the highest common factor of w and 720?
45
Let b = 408 - 70. Let w = -233 + b. What is the greatest common divisor of 45 and w?
15
Let j = -292 + 637. Suppose 4*x + 3*p - 84 = 0, -2*x - p - 1108 = -1146. What is the highest common factor of x and j?
15
Let h(u) = u - 7. Let b be h(7). Suppose -39*q + 41*q - 14 = b. Calculate the highest common divisor of 217 and q.
7
Let t(i) = -132*i - 65. Let p be t(-7). Suppose -p - 3461 = -36*m. Calculate the greatest common divisor of 24 and m.
24
Let h be (-16)/(-64) + 671/4. Let p = -104 + h. Calculate the greatest common divisor of 224 and p.
32
Suppose -680*m = -677*m - 51. Let k be (-2 + 6)*3/4. Suppose -k*y = 62 - 419. Calculate the greatest common divisor of y and m.
17
Let b = 5599 + -5003. Calculate the highest common factor of b and 17582.
298
Let w(n) = 2*n**2 + 6*n - 2. Let s be w(11). Suppose -3*z - 3*z = -204. Calculate the highest common divisor of z and s.
34
Suppose 5 = -3*o + 2*i + 336, -3*o = 5*i - 338. What is the highest common divisor of o and 4551?
111
Let o be 44286/231 - 6/(-21). Let u be -4*(-3)/2 + 0. What is the greatest common divisor of u and o?
6
Let n be (60452/42)/17*3. What is the highest common divisor of n and 127?
127
Let s = -29 + -8. Let o = 37 + s. Suppose b - 18 + o = 0. What is the greatest common divisor of 6 and b?
6
Let x(j) = j**3 + 71*j**2 + 64*j + 110. Let q be x(-70). Calculate the greatest common factor of 460 and q.
10
Let w(a) = 24*a + 3. Let g be w(6). Suppose -3*b - 6*x + g = -x, 2*x = 4*b - 196. Let r be 9 - (2 - (1 + -1)). What is the greatest common factor of r and b?
7
Let t = 15782 + -15537. Calculate the highest common divisor of t and 350.
35
Suppose -3*z = -2*z - 5. Suppose -40 = -7*y + z*y. Suppose i - 12*i = -110. Calculate the highest common divisor of y and i.
10
Suppose 540 = 865*t - 850*t. Suppose 2*n = 18 + 6. Calculate the greatest common factor of t and n.
12
Let u(q) = -48*q + 389. Let n be u(8). What is the greatest common divisor of n and 1465?
5
Let o be 18*-1*6/(-24)*8. Suppose 0*l - o = -5*s - l, 0 = -s - 2*l + 9. Calculate the highest common divisor of 63 and s.
7
Let k be (-17)/(68/(-705))*8. Calculate the highest common factor of k and 10.
10
Suppose 0 = -3*o - 20 + 5. Let f be o/15 + (-20)/(-6). Suppose 0 = 3*r + 4*v - 44, 2*v + 47 = 3*r + f*v. What is the greatest common divisor of r and 128?
16
Suppose 39*c = 34*c + 5. Let b be c/12*9 - (-9)/4. What is the greatest common divisor of b and 192?
3
Let x(c) = 289*c - 4708. Let m be x(18). What is the greatest common factor of m and 130?
26
Let r(l) = 3*l**2 - 9*l + 7. Let n = 14 - 10. Let h be r(n). Suppose g - b - h = 0, -2*g = -2*b + 4*b - 18. What is the greatest common factor of 112 and g?
14
Let j be (2 - 2)/(-4 - -3). Suppose 10*m - 369 = 9*m. Suppose -t + 5*t + 3*l = m, j = 5*t - l - 447. What is the highest common divisor of 18 and t?
18
Suppose 3*v - 33 = -n, 5*n + 27 = 2*v + 4*n. Let i be (2 + 41)/((18/v)/3). Calculate the highest common divisor of i and 215.
43
Let k be ((-6050)/(-3630))/((-10)/(-48)). Let b = -433 - -617. What is the greatest common divisor of k and b?
8
Suppose -10*u + 1152 = -16*u + 12*u. What is the greatest common divisor of u and 42?
6
Suppose -10*j = -6*j. Suppose -k - 3*n = 2*n + 55, j = -4*k - n - 277. Let x be ((-6)/2)/(3/k). Calculate the greatest common factor of x and 10.
10
Suppose 286*i - 147*i - 1672 = 95*i. Let s = 17 + 116. What is the greatest common divisor of s and i?
19
Let x be (-3 + (-9)/(-3))*2/2. Suppose 3*c + x*c + 45 = 0. Let v be c/1*(1 + -2). What is the highest common factor of 15 and v?
15
Let r(y) = y - y**2 + 6*y - 20 + 10. Let q be r(4). Suppose 3*z + 293 = k, q*k - k = -2*z + 298. Calculate the highest common divisor of k and 37.
37
Let z(r) = 2*r**3 - 6*r**2 - r + 5. Let k be z(4). Let f = 6908 + -6905. What is the highest common factor of f and k?
3
Suppose -243*u = -240*u - 12. Suppose -4*p - 132 = -u*z, -2*z - 3*p + 136 = 55. What is the highest common factor of z and 132?
12
Let b be ((-525)/(-60))/(((-2)/(-8))/1). Suppose 22*y + 13 = b*y. Calculate the highest common factor of 25 and y.
1
Suppose -3*j = 5*n - 2397, 3*n = -37*j + 34*j + 2403. Suppose j*f = 811*f - 35. Let w be (0 - 30)*5/(-2). What is the greatest common divisor of f and w?
5
Let c = 8 + -2. Suppose 5*r = -0*r. Suppose -c*b - 3 + 15 = r. Calculate the greatest common divisor of 1 and b.
1
Suppose w - 520 = -v, 5*v + 7*w = 3*w + 2603. Suppose x = 3*z - v, -x - 175 = -3*z + 2*z. What is the greatest common divisor of 87 and z?
87
Let s be ((-9234)/(-95))/(-27)*10/4*-47. Calculate the highest common factor of 1128 and s.
141
Suppose 815066 = 30*k + 2*k - 36902. What is the greatest common factor of 104 and k?
104
Let r(h) = 135*h + 1297. Let f be r(-7). What is the highest common divisor of f and 32?
32
Suppose 0 = -10*t - 74 - 16. Let r = t + 17. Suppose 5*o + 3*u - 19 = -1, u - r = -2*o. What is the highest common divisor of 3 and o?
3
Let m be -18 - -22 - (1 + -256). What is the highest common divisor of m and 15281?
259
Let v(f) = -2*f**2 + 84*f + 253. Let d be v(44). Let y(t) = -11*t - 43. Let x be y(-9). Calculate the highest common divisor of x and d.
7
Let r = -396 - -706. Let s = r - 285. Calculate the greatest common factor of 475 and s.
25
Let p be -2 + (-6)/3 + (67712/16 - 19). Calculate the greatest common factor of 244 and p.
61
Let d(c) = 2*c**2 + 5*c + 26. Let u be d(0). Suppose -89*h + 87*h + u = 0. What is the highest common divisor of h and 104?
13
Let f(c) = c**2 + 9*c + 22. Suppose -16*z + 13*z = 21. Let m be f(z). Suppose 0 = -8*t + 7*t + m. What is the greatest common divisor of 104 and t?
8
Let w(d) = 121*d**2 - d - 1. Let b be w(-1). Let q = -60 + b. Calculate the highest common divisor of 61 and q.
61
Let p = -16212 - -16227. Let m be 1003/1 + (3 - 1). Calculate the highest common divisor of m and p.
15
Let n(z) = z**2 + 77*z + 1016. Let c be n(-64). What is the greatest common divisor of 23 and c?
23
Let d(i) = 11*i**2 - 26*i - 449. Let w be d(-14). What is the highest common divisor of w and 436?
109
Suppose -14*a - 7314 + 43056 = 0. What is the highest common factor of 222 and a?
111
Let q be 20/50 + 24658/130 + 33/(-429). Calculate the highest common divisor of q and 15390.
190
Let x(f) = 12*f**2 - f + 6. Let b be x(6). Suppose 2*i = 5*p + 116, i + 156 = 4*i - 3*p. What is the greatest common divisor of b and i?
48
Let u = 2018 + -1964. What is the highest common factor of 414 and u?
18
Let g = -63 - -106. Let a = 570 - 183. Calculate the greatest common divisor of a and g.
43
Let g = -38 - -50. Suppose -5